*s = -2615. What is the remainder when s is divided by 5?
3
What is the remainder when -5*((-4)/(-12) - (12856/120 - -8)) is divided by 223?
128
Suppose 57 = 2*z - v, 136 = 5*z + 2*v + 16. Suppose -3691*y - 17095 = -3892*y + 3407. Calculate the remainder when y is divided by z.
24
Let d(p) be the second derivative of -26*p + 0 + 2/3*p**3 + 1/12*p**4 - 13/2*p**2. What is the remainder when 26 is divided by d(3)?
2
Suppose 39*v = 38*v - 3. Calculate the remainder when 94 is divided by -1 + 3 - v - -14.
18
Suppose -q + 4*b = 2*q + 3, -5*b = 4*q - 27. Suppose -5*r = 10, q*a - r = -16 + 63. Let l = 20 + -14. What is the remainder when a is divided by l?
3
Let j = -201 + 217. Suppose j*o - 94 = 14*o. What is the remainder when 139 is divided by o?
45
Let r = 3599 - 2387. Calculate the remainder when r is divided by 38.
34
Let c be (0 - 44/(-6))*-18. Let b = 207 + c. Suppose 4*g - 24*g - 8*g + 308 = 0. Calculate the remainder when b is divided by g.
9
Let v be (8/(-6))/(80/(-41160)). Let i = -480 + v. What is the remainder when i is divided by 14?
10
Let d(j) = -j**3 + 5*j**2 - 9*j - 34. Calculate the remainder when (3/(-2))/(6/(-184)) is divided by d(-2).
10
Let l = 208 - 204. Suppose l*m = 6*m - 2. Calculate the remainder when 14/18 + 2/9 is divided by m.
0
Let i = -6 - -10. Suppose -4*x + 6*t - 3*t + 233 = 0, -i*x - 2*t = -218. What is the remainder when 223 is divided by x?
55
Suppose -14*c + 15*c - 3*w = 171, 0 = -4*c + 5*w + 705. What is the remainder when 488 is divided by c?
128
Let l(y) = y + 12. Let r be l(-7). Suppose k - 14 = -2*x, 0 = x - 0*x + r*k + 2. Let s(b) = -4*b + 5. Calculate the remainder when s(-8) is divided by x.
5
Suppose 20*j - 254 = 446 + 400. Calculate the remainder when 2802 is divided by j.
52
Let t(o) = 10*o - 77. Let d be t(8). Suppose d*x - 159 = 21. What is the remainder when x is divided by 21?
18
Suppose 2*s - h = 1106, 3*h + h = 5*s - 2768. Suppose -8*j = -4*j - s. Calculate the remainder when j is divided by 20.
18
Let m(b) = 134*b**2 + 13*b - 10. Let k be m(2). What is the remainder when k/230*1/(4/450) is divided by 25?
20
Suppose 183 = -5*q + 1603. Let u = q - 48. What is the remainder when u is divided by 20?
16
Let f = -1943 + 1987. Calculate the remainder when 3606 is divided by f.
42
Let t = 259 - 220. Suppose -t*n + 29*n = -130. What is the remainder when 73 is divided by n?
8
Suppose -4*h + 3*b - 3 = 0, -h = -3*h - 4*b + 4. Let r = h + 5. Suppose -r*d - 2*s = -92, 3*s + 87 = d + 4*d. Calculate the remainder when 29 is divided by d.
11
Let a(g) = 7*g**2 + 30*g - 291. Calculate the remainder when 497 is divided by a(6).
74
Suppose 350 = 2*y - 110. What is the remainder when y is divided by (-24 + (-620)/(-30))*4/10*-54?
14
Let x be 5 - (-1792)/(-8) - (1 + -5). Let c = -6 - x. Calculate the remainder when c is divided by 53.
50
Let c(s) = -11*s - 14. Let t = 20 + -17. Suppose 57 - 48 = t*y. Calculate the remainder when c(-4) is divided by y.
0
Suppose -5*y = -126429*p + 126432*p + 4, -p - 5*y = 28. Suppose j + 95 = 5*k - 607, -5*k - j = -698. What is the remainder when k is divided by p?
8
Suppose 5*z + 1 = -14. Calculate the remainder when 19 is divided by z/2 + (945/10)/7.
7
Let y = 3 - 1. Calculate the remainder when (6 + -3)*(3 - (2 + -1)) is divided by y.
0
Suppose 2*r = -5*f + 31, 3*f = -4*r + 8*f - 13. Suppose 0 = -4*h + 1 - 13, -4*u + r*h - 143 = 0. Let q = u + 48. What is the remainder when 19 is divided by q?
9
Suppose 2*k = m - 10, -19 + 13 = 4*k + 5*m. What is the remainder when 115 is divided by 3/k*(-6)/9*62?
22
Suppose -14*x + 116 - 74 = 0. Suppose -208 - 40 = -2*d. What is the remainder when d is divided by x?
1
Let k(w) = -w**3 - 12*w**2 + 5*w - 44. Let m be k(-13). Suppose -4*a + m = -88. Calculate the remainder when 140 is divided by a.
29
Let n be 2/(-4)*(-3000)/25. Calculate the remainder when 36 is divided by 14/21*n/5.
4
Let a(d) = 61*d - 142. What is the remainder when a(4) is divided by 55?
47
Let i(g) = 668*g - 3246. Calculate the remainder when 356 is divided by i(5).
74
What is the remainder when -11 - (15 + -24 + -640) is divided by 107?
103
Suppose -u + 56 = -12. Suppose 3*v - u = 2*o, 6*o - 16 = 10*o. What is the remainder when v is divided by (-20)/(-3) - 2/3?
2
Calculate the remainder when (-2 - 2 - (-690 - (-4 - 8))) + 2 is divided by 38.
30
Let r be (4140/24)/(26/(-8) + 4). Let m = r + -10. What is the remainder when m is divided by 112?
108
Suppose -4*a + 4*t - 5 = 7, -a = -5*t - 1. Let o = -25823 + 25888. What is the remainder when o is divided by a/14 - 363/(-21)?
14
Suppose 19 = 3*a - 2*c, 3*a = a + 3*c + 16. Suppose -a*f + 159 = o + 14, 4*f + 4*o = 100. What is the remainder when 85 is divided by f?
25
Suppose 114*m - 113*m - 430 = 0. Let q = -414 + m. Calculate the remainder when 22 is divided by q.
6
Let p = 12 + 5. Let l(u) = -7*u - 77. Let x(y) = -14*y - 150. Let a(j) = 5*l(j) - 3*x(j). Calculate the remainder when a(-5) is divided by p.
13
Suppose -3*s = 2*n - 77, 2*n - 4*s + 41 = 3*n. Suppose -2*l = -69 - n. What is the remainder when l is divided by 6 + (-11 - (6 - 20))?
8
Suppose 5*d + 2*b = -3 - 2, 3*b - 3 = 3*d. Let g(k) = 33*k**2 - 95*k - 2. Calculate the remainder when ((-3)/(-1))/(d/(-13)) is divided by g(3).
9
Suppose -67*k + 65*k + 376 = 0. Suppose 3*t - t - 5*b = 131, 3*t + b = k. Calculate the remainder when t is divided by ((-2)/(-4))/1*34.
12
Let a(p) be the first derivative of -p**4/4 + 8*p**3/3 + 17*p**2 + 15*p + 19. What is the remainder when a(11) is divided by 15?
11
Let l = -19 + -17. Let j be (6*(-2)/l)/((-1)/6). Calculate the remainder when j - 7*-4 - -3 is divided by 16.
13
Let v = 69 - 67. Let y(d) = 15 - 14 - 1 + d - 3*d**3 + d**v. Calculate the remainder when 7 is divided by y(-1).
1
Let x = 42 - 16. Suppose 5*l = -0*v - 4*v + x, 2*v = -4*l + 16. Let p = 6 + v. Calculate the remainder when 59 is divided by p.
9
Let z = 11793 - 11595. What is the remainder when z is divided by 20?
18
Suppose -o + 36 + 58 = y, -2*y = -o + 94. Suppose 2*g + 0*u + u - o = 0, g - 52 = -3*u. What is the remainder when g is divided by 8?
6
Let b = -101 - -109. Suppose 2*m = o - 88, -b - 2 = 5*m. Calculate the remainder when o is divided by 35.
14
Suppose 302 = 7*v - 1049. Calculate the remainder when 257 is divided by v.
64
Let t(q) be the first derivative of q**4/4 - 7*q**3/3 + q**2 - 14*q - 12. Let r be t(8). Let h = r + 8. What is the remainder when h is divided by 19?
17
Suppose 14 + 26 = 3*l - 5*j, -5*l + 4*j + 97 = 0. Calculate the remainder when 474 is divided by l.
24
Let k(s) = -2*s**3 - 17*s**2 - 48. Suppose -1059 = -3*q - 1086. Calculate the remainder when 93 is divided by k(q).
27
Let u(t) = 1417*t**2 + 34*t + 4. Calculate the remainder when u(1) is divided by 43.
36
Let b = 905 - 898. Suppose 2*z - 5*q - 1241 = 0, z - 4*q - 1246 = -z. Suppose -b*d + z = 80. What is the remainder when d is divided by 41?
38
Let m(s) = -s**2 + 16*s + 30. Let v = -9 + 22. Let p = 48 + -24. Calculate the remainder when m(v) is divided by p.
21
Suppose 0 = 24*r - 15*r + 180. Let a(w) = -w**2 - 17*w + 96. What is the remainder when 66 is divided by a(r)?
30
Suppose 15*x - 19*x + 206 = 5*k, -5*x - 3*k = -251. What is the remainder when 2103 is divided by x?
45
Let f(k) = k**3 + 35*k**2 - 43*k - 94. Let h be f(-36). Suppose 126 = h*m - 155*m. Calculate the remainder when m is divided by 6.
0
Let t = -2880 + 2941. Calculate the remainder when 1091 is divided by t.
54
Let u = -107 + 107. Suppose u = -3*t + l + 89, -l - 109 - 40 = -5*t. Calculate the remainder when 116 is divided by t.
26
Suppose 0 = -2*u + 12, 0 = -43*m + 40*m + 3*u + 3786. What is the remainder when 2536 is divided by m?
0
Let k(m) = -71*m - 4926. What is the remainder when k(-73) is divided by 197?
60
Suppose -2*o - 3*r = -105, 2*o + 4*r - 80 = 6*r. Let m(p) = 3*p**3 + p**2 - 6*p + 8. Calculate the remainder when o is divided by m(2).
21
Suppose -111*f + 27141 = -28*f. What is the remainder when f is divided by 7?
5
Let u(a) = -a**2 - 10*a + 29. Let g be u(-12). Suppose 0 = -2*o - 0*o + z + 31, g*z + 85 = 5*o. Calculate the remainder when 66 is divided by o.
10
Suppose 150*d = 1170 + 630. Calculate the remainder when 6237 is divided by d.
9
Suppose -7*u - 4*u = u. Suppose u*g - 25*g = -1075. Suppose 